{"id":379,"date":"2025-11-26T15:08:19","date_gmt":"2025-11-26T15:08:19","guid":{"rendered":"https:\/\/satukiljunen.com\/?page_id=379"},"modified":"2025-12-01T09:59:31","modified_gmt":"2025-12-01T09:59:31","slug":"2007-2","status":"publish","type":"page","link":"https:\/\/satukiljunen.com\/index.php\/2007-2\/","title":{"rendered":"-2007"},"content":{"rendered":"<div class=\"wp-block-image\">\n<figure class=\"aligncenter size-large\"><img loading=\"lazy\" decoding=\"async\" width=\"1024\" height=\"753\" src=\"https:\/\/satukiljunen.com\/wp-content\/uploads\/2025\/12\/Amos-2007-1024x753.jpg\" alt=\"\" class=\"wp-image-467\" srcset=\"https:\/\/satukiljunen.com\/wp-content\/uploads\/2025\/12\/Amos-2007-1024x753.jpg 1024w, https:\/\/satukiljunen.com\/wp-content\/uploads\/2025\/12\/Amos-2007-300x221.jpg 300w, https:\/\/satukiljunen.com\/wp-content\/uploads\/2025\/12\/Amos-2007-768x564.jpg 768w, https:\/\/satukiljunen.com\/wp-content\/uploads\/2025\/12\/Amos-2007.jpg 1200w\" sizes=\"auto, (max-width: 1024px) 100vw, 1024px\" \/><\/figure>\n<\/div>\n\n\n<p class=\"has-text-align-center\">Amos 2007<\/p>\n\n\n<div class=\"wp-block-image\">\n<figure class=\"aligncenter size-large\"><img loading=\"lazy\" decoding=\"async\" width=\"1024\" height=\"663\" src=\"https:\/\/satukiljunen.com\/wp-content\/uploads\/2025\/12\/Flintberg-2000-1024x663.jpg\" alt=\"\" class=\"wp-image-472\" srcset=\"https:\/\/satukiljunen.com\/wp-content\/uploads\/2025\/12\/Flintberg-2000-1024x663.jpg 1024w, https:\/\/satukiljunen.com\/wp-content\/uploads\/2025\/12\/Flintberg-2000-300x194.jpg 300w, https:\/\/satukiljunen.com\/wp-content\/uploads\/2025\/12\/Flintberg-2000-768x497.jpg 768w, https:\/\/satukiljunen.com\/wp-content\/uploads\/2025\/12\/Flintberg-2000.jpg 1200w\" sizes=\"auto, (max-width: 1024px) 100vw, 1024px\" \/><\/figure>\n<\/div>\n\n\n<p class=\"has-text-align-center\">Flintberg 2000<\/p>\n\n\n<div class=\"wp-block-image\">\n<figure class=\"aligncenter size-large\"><img loading=\"lazy\" decoding=\"async\" width=\"1024\" height=\"642\" src=\"https:\/\/satukiljunen.com\/wp-content\/uploads\/2025\/12\/Norrbote-2000-1024x642.jpg\" alt=\"\" class=\"wp-image-479\" srcset=\"https:\/\/satukiljunen.com\/wp-content\/uploads\/2025\/12\/Norrbote-2000-1024x642.jpg 1024w, https:\/\/satukiljunen.com\/wp-content\/uploads\/2025\/12\/Norrbote-2000-300x188.jpg 300w, https:\/\/satukiljunen.com\/wp-content\/uploads\/2025\/12\/Norrbote-2000-768x481.jpg 768w, https:\/\/satukiljunen.com\/wp-content\/uploads\/2025\/12\/Norrbote-2000.jpg 1200w\" sizes=\"auto, (max-width: 1024px) 100vw, 1024px\" \/><\/figure>\n<\/div>\n\n\n<p class=\"has-text-align-center\">Norrb\u00f6te 2000<\/p>\n\n\n<div class=\"wp-block-image\">\n<figure class=\"aligncenter size-large\"><img loading=\"lazy\" decoding=\"async\" width=\"1024\" height=\"651\" src=\"https:\/\/satukiljunen.com\/wp-content\/uploads\/2025\/12\/Amos-Andersson-2007-1024x651.jpg\" alt=\"\" class=\"wp-image-468\" srcset=\"https:\/\/satukiljunen.com\/wp-content\/uploads\/2025\/12\/Amos-Andersson-2007-1024x651.jpg 1024w, https:\/\/satukiljunen.com\/wp-content\/uploads\/2025\/12\/Amos-Andersson-2007-300x191.jpg 300w, https:\/\/satukiljunen.com\/wp-content\/uploads\/2025\/12\/Amos-Andersson-2007-768x488.jpg 768w, https:\/\/satukiljunen.com\/wp-content\/uploads\/2025\/12\/Amos-Andersson-2007.jpg 1200w\" sizes=\"auto, (max-width: 1024px) 100vw, 1024px\" \/><\/figure>\n<\/div>\n\n\n<p class=\"has-text-align-center\">Amos Andersson 2007<\/p>\n\n\n<div class=\"wp-block-image\">\n<figure class=\"aligncenter size-large\"><img loading=\"lazy\" decoding=\"async\" width=\"1024\" height=\"875\" src=\"https:\/\/satukiljunen.com\/wp-content\/uploads\/2025\/12\/ditail-2000-1024x875.jpg\" alt=\"\" class=\"wp-image-471\" srcset=\"https:\/\/satukiljunen.com\/wp-content\/uploads\/2025\/12\/ditail-2000-1024x875.jpg 1024w, https:\/\/satukiljunen.com\/wp-content\/uploads\/2025\/12\/ditail-2000-300x256.jpg 300w, https:\/\/satukiljunen.com\/wp-content\/uploads\/2025\/12\/ditail-2000-768x656.jpg 768w, https:\/\/satukiljunen.com\/wp-content\/uploads\/2025\/12\/ditail-2000.jpg 1200w\" sizes=\"auto, (max-width: 1024px) 100vw, 1024px\" \/><\/figure>\n<\/div>\n\n\n<p class=\"has-text-align-center\">2000<\/p>\n\n\n<div class=\"wp-block-image\">\n<figure class=\"aligncenter size-large\"><img loading=\"lazy\" decoding=\"async\" width=\"963\" height=\"1024\" src=\"https:\/\/satukiljunen.com\/wp-content\/uploads\/2025\/12\/Vastra-Morskar-2000-963x1024.jpg\" alt=\"\" class=\"wp-image-481\" srcset=\"https:\/\/satukiljunen.com\/wp-content\/uploads\/2025\/12\/Vastra-Morskar-2000-963x1024.jpg 963w, https:\/\/satukiljunen.com\/wp-content\/uploads\/2025\/12\/Vastra-Morskar-2000-282x300.jpg 282w, https:\/\/satukiljunen.com\/wp-content\/uploads\/2025\/12\/Vastra-Morskar-2000-768x817.jpg 768w, https:\/\/satukiljunen.com\/wp-content\/uploads\/2025\/12\/Vastra-Morskar-2000.jpg 1128w\" sizes=\"auto, (max-width: 963px) 100vw, 963px\" \/><\/figure>\n<\/div>\n\n\n<p class=\"has-text-align-center\">V\u00e4stra M\u00f6rsk\u00e4r 2000<\/p>\n\n\n<div class=\"wp-block-image\">\n<figure class=\"aligncenter size-large\"><img loading=\"lazy\" decoding=\"async\" width=\"986\" height=\"1024\" src=\"https:\/\/satukiljunen.com\/wp-content\/uploads\/2025\/12\/Langskar-2000-986x1024.jpg\" alt=\"\" class=\"wp-image-478\" srcset=\"https:\/\/satukiljunen.com\/wp-content\/uploads\/2025\/12\/Langskar-2000-986x1024.jpg 986w, https:\/\/satukiljunen.com\/wp-content\/uploads\/2025\/12\/Langskar-2000-289x300.jpg 289w, https:\/\/satukiljunen.com\/wp-content\/uploads\/2025\/12\/Langskar-2000-768x797.jpg 768w, https:\/\/satukiljunen.com\/wp-content\/uploads\/2025\/12\/Langskar-2000.jpg 1156w\" sizes=\"auto, (max-width: 986px) 100vw, 986px\" \/><\/figure>\n<\/div>\n\n\n<p class=\"has-text-align-center\">L\u00e5ngsk\u00e4r 2000<\/p>\n\n\n<div class=\"wp-block-image\">\n<figure class=\"aligncenter size-large\"><img loading=\"lazy\" decoding=\"async\" width=\"1024\" height=\"568\" src=\"https:\/\/satukiljunen.com\/wp-content\/uploads\/2025\/12\/Kagelhallen-Mariehamn-1999-02-1024x568.jpg\" alt=\"\" class=\"wp-image-474\" srcset=\"https:\/\/satukiljunen.com\/wp-content\/uploads\/2025\/12\/Kagelhallen-Mariehamn-1999-02-1024x568.jpg 1024w, https:\/\/satukiljunen.com\/wp-content\/uploads\/2025\/12\/Kagelhallen-Mariehamn-1999-02-300x167.jpg 300w, https:\/\/satukiljunen.com\/wp-content\/uploads\/2025\/12\/Kagelhallen-Mariehamn-1999-02-768x426.jpg 768w, https:\/\/satukiljunen.com\/wp-content\/uploads\/2025\/12\/Kagelhallen-Mariehamn-1999-02.jpg 1200w\" sizes=\"auto, (max-width: 1024px) 100vw, 1024px\" \/><\/figure>\n<\/div>\n\n\n<p class=\"has-text-align-center\">Kagelhallen Mariehamn 1999-01<\/p>\n\n\n<div class=\"wp-block-image\">\n<figure class=\"aligncenter size-large\"><img loading=\"lazy\" decoding=\"async\" width=\"1024\" height=\"508\" src=\"https:\/\/satukiljunen.com\/wp-content\/uploads\/2025\/12\/Kagelhallen-Mariehamn-1999-01-1024x508.jpg\" alt=\"\" class=\"wp-image-473\" srcset=\"https:\/\/satukiljunen.com\/wp-content\/uploads\/2025\/12\/Kagelhallen-Mariehamn-1999-01-1024x508.jpg 1024w, https:\/\/satukiljunen.com\/wp-content\/uploads\/2025\/12\/Kagelhallen-Mariehamn-1999-01-300x149.jpg 300w, https:\/\/satukiljunen.com\/wp-content\/uploads\/2025\/12\/Kagelhallen-Mariehamn-1999-01-768x381.jpg 768w, https:\/\/satukiljunen.com\/wp-content\/uploads\/2025\/12\/Kagelhallen-Mariehamn-1999-01.jpg 1200w\" sizes=\"auto, (max-width: 1024px) 100vw, 1024px\" \/><\/figure>\n<\/div>\n\n\n<p class=\"has-text-align-center\">Kagelhallen Mariehamn 1999-01<\/p>\n\n\n<div class=\"wp-block-image\">\n<figure class=\"aligncenter size-large\"><img loading=\"lazy\" decoding=\"async\" width=\"1024\" height=\"749\" src=\"https:\/\/satukiljunen.com\/wp-content\/uploads\/2025\/12\/Kiasma-2000-1024x749.jpg\" alt=\"\" class=\"wp-image-476\" srcset=\"https:\/\/satukiljunen.com\/wp-content\/uploads\/2025\/12\/Kiasma-2000-1024x749.jpg 1024w, https:\/\/satukiljunen.com\/wp-content\/uploads\/2025\/12\/Kiasma-2000-300x220.jpg 300w, https:\/\/satukiljunen.com\/wp-content\/uploads\/2025\/12\/Kiasma-2000-768x562.jpg 768w, https:\/\/satukiljunen.com\/wp-content\/uploads\/2025\/12\/Kiasma-2000.jpg 1200w\" sizes=\"auto, (max-width: 1024px) 100vw, 1024px\" \/><\/figure>\n<\/div>\n\n\n<p class=\"has-text-align-center\">Kiasma 2000<\/p>\n\n\n<div class=\"wp-block-image\">\n<figure class=\"aligncenter size-large\"><img loading=\"lazy\" decoding=\"async\" width=\"1024\" height=\"676\" src=\"https:\/\/satukiljunen.com\/wp-content\/uploads\/2025\/12\/Kiasma-Calvinon-muistiot-2000-1024x676.jpg\" alt=\"\" class=\"wp-image-477\" srcset=\"https:\/\/satukiljunen.com\/wp-content\/uploads\/2025\/12\/Kiasma-Calvinon-muistiot-2000-1024x676.jpg 1024w, https:\/\/satukiljunen.com\/wp-content\/uploads\/2025\/12\/Kiasma-Calvinon-muistiot-2000-300x198.jpg 300w, https:\/\/satukiljunen.com\/wp-content\/uploads\/2025\/12\/Kiasma-Calvinon-muistiot-2000-768x507.jpg 768w, https:\/\/satukiljunen.com\/wp-content\/uploads\/2025\/12\/Kiasma-Calvinon-muistiot-2000.jpg 1200w\" sizes=\"auto, (max-width: 1024px) 100vw, 1024px\" \/><\/figure>\n<\/div>\n\n\n<p class=\"has-text-align-center\">Kiasma Calvinon muistiot 2000<\/p>\n\n\n<div class=\"wp-block-image\">\n<figure class=\"aligncenter size-large\"><img loading=\"lazy\" decoding=\"async\" width=\"1024\" height=\"699\" src=\"https:\/\/satukiljunen.com\/wp-content\/uploads\/2025\/12\/Kiasma-2000-kontti-1024x699.jpg\" alt=\"\" class=\"wp-image-475\" srcset=\"https:\/\/satukiljunen.com\/wp-content\/uploads\/2025\/12\/Kiasma-2000-kontti-1024x699.jpg 1024w, https:\/\/satukiljunen.com\/wp-content\/uploads\/2025\/12\/Kiasma-2000-kontti-300x205.jpg 300w, https:\/\/satukiljunen.com\/wp-content\/uploads\/2025\/12\/Kiasma-2000-kontti-768x524.jpg 768w, https:\/\/satukiljunen.com\/wp-content\/uploads\/2025\/12\/Kiasma-2000-kontti.jpg 1200w\" sizes=\"auto, (max-width: 1024px) 100vw, 1024px\" \/><\/figure>\n<\/div>\n\n\n<p class=\"has-text-align-center\">Kiasma 2000 Kontti<\/p>\n\n\n<div class=\"wp-block-image\">\n<figure class=\"aligncenter size-large\"><img loading=\"lazy\" decoding=\"async\" width=\"1024\" height=\"673\" src=\"https:\/\/satukiljunen.com\/wp-content\/uploads\/2025\/12\/reliefwall-2007-1024x673.jpg\" alt=\"\" class=\"wp-image-480\" srcset=\"https:\/\/satukiljunen.com\/wp-content\/uploads\/2025\/12\/reliefwall-2007-1024x673.jpg 1024w, https:\/\/satukiljunen.com\/wp-content\/uploads\/2025\/12\/reliefwall-2007-300x197.jpg 300w, https:\/\/satukiljunen.com\/wp-content\/uploads\/2025\/12\/reliefwall-2007-768x505.jpg 768w, https:\/\/satukiljunen.com\/wp-content\/uploads\/2025\/12\/reliefwall-2007.jpg 1200w\" sizes=\"auto, (max-width: 1024px) 100vw, 1024px\" \/><\/figure>\n<\/div>\n\n\n<p class=\"has-text-align-center\">2000<\/p>\n\n\n<div class=\"wp-block-image\">\n<figure class=\"aligncenter size-large\"><img loading=\"lazy\" decoding=\"async\" width=\"1024\" height=\"678\" src=\"https:\/\/satukiljunen.com\/wp-content\/uploads\/2025\/12\/Amos-AX-2007-1024x678.jpg\" alt=\"\" class=\"wp-image-469\" srcset=\"https:\/\/satukiljunen.com\/wp-content\/uploads\/2025\/12\/Amos-AX-2007-1024x678.jpg 1024w, https:\/\/satukiljunen.com\/wp-content\/uploads\/2025\/12\/Amos-AX-2007-300x199.jpg 300w, https:\/\/satukiljunen.com\/wp-content\/uploads\/2025\/12\/Amos-AX-2007-768x508.jpg 768w, https:\/\/satukiljunen.com\/wp-content\/uploads\/2025\/12\/Amos-AX-2007.jpg 1200w\" sizes=\"auto, (max-width: 1024px) 100vw, 1024px\" \/><\/figure>\n<\/div>\n\n\n<p class=\"has-text-align-center\">2000<\/p>\n\n\n<div class=\"wp-block-image\">\n<figure class=\"aligncenter size-large\"><img loading=\"lazy\" decoding=\"async\" width=\"758\" height=\"1024\" src=\"https:\/\/satukiljunen.com\/wp-content\/uploads\/2025\/12\/Boyman-2007-758x1024.jpg\" alt=\"\" class=\"wp-image-484\" srcset=\"https:\/\/satukiljunen.com\/wp-content\/uploads\/2025\/12\/Boyman-2007-758x1024.jpg 758w, https:\/\/satukiljunen.com\/wp-content\/uploads\/2025\/12\/Boyman-2007-222x300.jpg 222w, https:\/\/satukiljunen.com\/wp-content\/uploads\/2025\/12\/Boyman-2007-768x1038.jpg 768w, https:\/\/satukiljunen.com\/wp-content\/uploads\/2025\/12\/Boyman-2007.jpg 888w\" sizes=\"auto, (max-width: 758px) 100vw, 758px\" \/><\/figure>\n<\/div>\n\n\n<p class=\"has-text-align-center\">Boyman 2007<\/p>\n","protected":false},"excerpt":{"rendered":"<p>Amos 2007 Flintberg 2000 Norrb\u00f6te 2000 Amos Andersson 2007 2000 V\u00e4stra M\u00f6rsk\u00e4r 2000 L\u00e5ngsk\u00e4r 2000 Kagelhallen Mariehamn 1999-01 Kagelhallen Mariehamn 1999-01 Kiasma 2000 Kiasma Calvinon muistiot 2000 Kiasma 2000 Kontti 2000 2000 Boyman 2007<\/p>\n","protected":false},"author":1,"featured_media":0,"parent":0,"menu_order":0,"comment_status":"closed","ping_status":"closed","template":"","meta":{"_kadence_starter_templates_imported_post":false,"_kad_post_transparent":"","_kad_post_title":"","_kad_post_layout":"","_kad_post_sidebar_id":"","_kad_post_content_style":"","_kad_post_vertical_padding":"","_kad_post_feature":"","_kad_post_feature_position":"","_kad_post_header":false,"_kad_post_footer":false,"_kad_post_classname":"","footnotes":""},"class_list":["post-379","page","type-page","status-publish","hentry"],"_links":{"self":[{"href":"https:\/\/satukiljunen.com\/index.php\/wp-json\/wp\/v2\/pages\/379","targetHints":{"allow":["GET"]}}],"collection":[{"href":"https:\/\/satukiljunen.com\/index.php\/wp-json\/wp\/v2\/pages"}],"about":[{"href":"https:\/\/satukiljunen.com\/index.php\/wp-json\/wp\/v2\/types\/page"}],"author":[{"embeddable":true,"href":"https:\/\/satukiljunen.com\/index.php\/wp-json\/wp\/v2\/users\/1"}],"replies":[{"embeddable":true,"href":"https:\/\/satukiljunen.com\/index.php\/wp-json\/wp\/v2\/comments?post=379"}],"version-history":[{"count":3,"href":"https:\/\/satukiljunen.com\/index.php\/wp-json\/wp\/v2\/pages\/379\/revisions"}],"predecessor-version":[{"id":486,"href":"https:\/\/satukiljunen.com\/index.php\/wp-json\/wp\/v2\/pages\/379\/revisions\/486"}],"wp:attachment":[{"href":"https:\/\/satukiljunen.com\/index.php\/wp-json\/wp\/v2\/media?parent=379"}],"curies":[{"name":"wp","href":"https:\/\/api.w.org\/{rel}","templated":true}]}}