{"id":192,"date":"2021-11-24T10:46:22","date_gmt":"2021-11-24T10:46:22","guid":{"rendered":"https:\/\/satukiljunen.com\/?page_id=192"},"modified":"2021-11-24T10:56:10","modified_gmt":"2021-11-24T10:56:10","slug":"nayttelysta","status":"publish","type":"page","link":"https:\/\/satukiljunen.com\/index.php\/nayttelysta\/","title":{"rendered":"kutsukortti ja esittelyteksti"},"content":{"rendered":"\n<div class=\"wp-block-image\"><figure class=\"aligncenter size-large is-resized\"><img loading=\"lazy\" decoding=\"async\" src=\"https:\/\/satukiljunen.com\/wp-content\/uploads\/2021\/11\/Satu-Kiljusen-kutsukortti-valmis-745x1024.jpg\" alt=\"\" class=\"wp-image-193\" width=\"559\" height=\"768\" srcset=\"https:\/\/satukiljunen.com\/wp-content\/uploads\/2021\/11\/Satu-Kiljusen-kutsukortti-valmis-745x1024.jpg 745w, https:\/\/satukiljunen.com\/wp-content\/uploads\/2021\/11\/Satu-Kiljusen-kutsukortti-valmis-218x300.jpg 218w, https:\/\/satukiljunen.com\/wp-content\/uploads\/2021\/11\/Satu-Kiljusen-kutsukortti-valmis-768x1056.jpg 768w, https:\/\/satukiljunen.com\/wp-content\/uploads\/2021\/11\/Satu-Kiljusen-kutsukortti-valmis-1117x1536.jpg 1117w, https:\/\/satukiljunen.com\/wp-content\/uploads\/2021\/11\/Satu-Kiljusen-kutsukortti-valmis-1490x2048.jpg 1490w, https:\/\/satukiljunen.com\/wp-content\/uploads\/2021\/11\/Satu-Kiljusen-kutsukortti-valmis-scaled.jpg 1862w\" sizes=\"auto, (max-width: 559px) 100vw, 559px\" \/><\/figure><\/div>\n\n\n\n<p>Galleria G<\/p>\n\n\n\n<p>SATU KILJUNEN<\/p>\n\n\n\n<p>4-29.1.2017<\/p>\n\n\n\n<p>maalauksia ja maalattuja reliefej\u00e4<\/p>\n\n\n\n<p><strong>Satu Kiljunen:<\/strong><\/p>\n\n\n\n<p>Olen keskittynyt tutkimaan sit\u00e4, mik\u00e4 on maalauksen ja muodon suhde, miten koemme ja ymm\u00e4rr\u00e4mme peruspinnan ja teoksen tilan.<\/p>\n\n\n\n<p>Olen saanut malleikseni minulle tuttuja ihmisi\u00e4, joiden kasvot ovat synnytt\u00e4neet minussa jonkinlaisen visuaalisen haasteen \/idean. N\u00e4yttelyss\u00e4 on teoksia joiden l\u00e4ht\u00f6kohtana on \u00e4itini, Gun Lindblom, Ronnie-poikani, Jonas B\u00f6ckerman ja Carl-Johan S\u00e4rkinen. Olen aluksi ty\u00f6st\u00e4nyt savireliefin heid\u00e4n kasvoistaan. T\u00e4st\u00e4 originaalista olen sitten ottanut kipsivaloksia, joita maalaan \u00f6ljyv\u00e4reill\u00e4, luoden uusia variaatiota. Kustakin mallista olen my\u00f6s maalannut suuren kasvomaalauksen. Olen my\u00f6s tietoinen erilaisten maalausteknisten ja rakenteellisten ratkaisujen vaikutuksista teoksieni ilmaisulliseen sis\u00e4lt\u00f6\u00f6n. Kullekin teokselle on muovautunut oma \u201ctoimintastrategia\u201d, jonkinlainen kerroksellinen maalausj\u00e4rjestys.<\/p>\n\n\n\n<p>Tunnen olevani kotonani, olen nyt tietoisempi taiteellisesta \u201dongelmastani\u201d vaikka sama peruskysymys on vaivannut minua l\u00e4pi tuotantoni:<\/p>\n\n\n\n<p><em>Aloitin taiteilijaurani tekem\u00e4ll\u00e4 tilakuvia, interi\u00f6\u00f6rimaalauksia. Siirryin jo heti 80-luvun alussa maalaaman konkreettisia interi\u00f6\u00f6rej\u00e4 suoraan tilaan, sek\u00e4 rakentamaan maalaustaiteen lainalaisuuksia k\u00e4ytt\u00e4en liikkuvia tilallisia esityksi\u00e4 (Jack Helen Brut). Seuraava luonteva vaihe oli ihmisen vartaloa ja ihmisen kuvaa manipuloivat videoteokset ja installaatiot ja esitykset. Ihmist\u00e4 voimakkaamman ymp\u00e4rist\u00f6n havainnoinnin ja litist\u00e4misen ongelmien parissa siirryin vuoristojen kautta ulkosaaristoon ja sen kalliomuotojen kautta ty\u00f6st\u00e4m\u00e4\u00e4n savesta muotoja, joita aloin my\u00f6s manipuloida maalaamalla.<\/em><\/p>\n\n\n\n<p><strong>Satu Kiljunen on valmistunut 70-luvun lopulla Suomen Taidekatemian koulusta. H\u00e4n toimi 80-luvun kokeellisen esitystaiteen parissa ja muutti ulkosaaristoon K\u00f6kariin 90-luvulla. H\u00e4n k\u00e4ynnisti tohtoriopinnon Kuvataideakatemiaan 1997 ja toimi ensimm\u00e4isen\u00e4 kuvataiteellisen tutkimuksen professorina <\/strong><strong>Suomessa<\/strong><strong>.<\/strong><\/p>\n\n\n\n<p><strong>Satu Kiljusen viimeaikainen n\u00e4yttelytoiminta:<\/strong><\/p>\n\n\n\n<p>Talvesta 2010 keskittynyt tuotannossaan uuteen vaiheeseen, jota 2009 valmistunut julkinen teos \u201dSwing\u201d pointillinenmaalaus kahdelle taivutetulle alumiinilevylle ennakoi. Teos on Alandica kongressi ja kulttuuritalon edess\u00e4 Maarianhaminassa.<\/p>\n\n\n\n<p>Uuden jakson teoksia on ollut esill\u00e4 kahdessa yksitysn\u00e4yttelyss\u00e4, 2010, 2013, Maarianhaminan <strong>Kakelhallenissa <\/strong>sek\u00e4 Helsingiss\u00e4 2011 kev\u00e4\u00e4ll\u00e4, jolloin piti <strong>n\u00e4yttelyn<\/strong> Dagmarinkadulla privaatissa ymp\u00e4rist\u00f6ss\u00e4.<\/p>\n\n\n\n<p>Kes\u00e4ll\u00e4 2012 osallistui <strong>Pyh\u00e4niemen 2012<\/strong> n\u00e4yttelyyn <strong>8:n teoksen kokonaisuudella.<\/strong><\/p>\n\n\n\n<p>Osallistui 2013 henkil\u00f6kuvaukseen keskittyv\u00e4\u00e4n kansainv\u00e4liseen kilpailun\u00e4yttelyyn, <strong>Portrait Now Tanskassa Fredriksborgissa<\/strong>, valmistamallaan <strong>maalatulla kasvoreliefill\u00e4<\/strong>. N\u00e4yttely oli esill\u00e4 <strong>my\u00f6s Ruotsissa Ljunbymuseumissa.<\/strong><\/p>\n\n\n\n<p>Oli mukana <strong>Lahden taidemuseon \u201dMuotokuva\u201d-n\u00e4yttelyss\u00e4<\/strong> vuodenvaihteessa 2013-2014.<\/p>\n\n\n\n<p>Osallistui Ecker\u00f6n posti- ja tullitalossa j\u00e4rjestetyyn 9 taiteilijan n\u00e4yttelyyn Puss &amp; Dra \u00e5t helvete!\u201d 2014. (Kh\u00e5re, Turakka, Scott, Lax, Kiljunen, Duncker, Bamberg, Jokiranta, Wilen)<\/p>\n","protected":false},"excerpt":{"rendered":"<p>Galleria G SATU KILJUNEN 4-29.1.2017 maalauksia ja maalattuja reliefej\u00e4 Satu Kiljunen: Olen keskittynyt tutkimaan sit\u00e4, mik\u00e4 on maalauksen ja muodon suhde, miten koemme ja ymm\u00e4rr\u00e4mme peruspinnan ja teoksen tilan. Olen saanut malleikseni minulle tuttuja ihmisi\u00e4, joiden kasvot ovat synnytt\u00e4neet minussa jonkinlaisen visuaalisen haasteen \/idean. N\u00e4yttelyss\u00e4 on teoksia joiden l\u00e4ht\u00f6kohtana on \u00e4itini, Gun Lindblom, Ronnie-poikani, Jonas&#8230;<\/p>\n","protected":false},"author":1,"featured_media":0,"parent":0,"menu_order":0,"comment_status":"closed","ping_status":"closed","template":"","meta":{"_kadence_starter_templates_imported_post":false,"_kad_post_transparent":"","_kad_post_title":"","_kad_post_layout":"","_kad_post_sidebar_id":"","_kad_post_content_style":"","_kad_post_vertical_padding":"","_kad_post_feature":"","_kad_post_feature_position":"","_kad_post_header":false,"_kad_post_footer":false,"_kad_post_classname":"","footnotes":""},"class_list":["post-192","page","type-page","status-publish","hentry"],"_links":{"self":[{"href":"https:\/\/satukiljunen.com\/index.php\/wp-json\/wp\/v2\/pages\/192","targetHints":{"allow":["GET"]}}],"collection":[{"href":"https:\/\/satukiljunen.com\/index.php\/wp-json\/wp\/v2\/pages"}],"about":[{"href":"https:\/\/satukiljunen.com\/index.php\/wp-json\/wp\/v2\/types\/page"}],"author":[{"embeddable":true,"href":"https:\/\/satukiljunen.com\/index.php\/wp-json\/wp\/v2\/users\/1"}],"replies":[{"embeddable":true,"href":"https:\/\/satukiljunen.com\/index.php\/wp-json\/wp\/v2\/comments?post=192"}],"version-history":[{"count":5,"href":"https:\/\/satukiljunen.com\/index.php\/wp-json\/wp\/v2\/pages\/192\/revisions"}],"predecessor-version":[{"id":201,"href":"https:\/\/satukiljunen.com\/index.php\/wp-json\/wp\/v2\/pages\/192\/revisions\/201"}],"wp:attachment":[{"href":"https:\/\/satukiljunen.com\/index.php\/wp-json\/wp\/v2\/media?parent=192"}],"curies":[{"name":"wp","href":"https:\/\/api.w.org\/{rel}","templated":true}]}}

<div class="wp-block-image"><figure class="aligncenter size-large is-resized"><img loading="lazy" decoding="async" src="https://satukiljunen.com/wp-content/uploads/2021/11/Satu-Kiljusen-kutsukortti-valmis-745x1024.jpg" alt="" class="wp-image-193" width="559" height="768" srcset="https://satukiljunen.com/wp-content/uploads/2021/11/Satu-Kiljusen-kutsukortti-valmis-745x1024.jpg 745w, https://satukiljunen.com/wp-content/uploads/2021/11/Satu-Kiljusen-kutsukortti-valmis-218x300.jpg 218w, https://satukiljunen.com/wp-content/uploads/2021/11/Satu-Kiljusen-kutsukortti-valmis-768x1056.jpg 768w, https://satukiljunen.com/wp-content/uploads/2021/11/Satu-Kiljusen-kutsukortti-valmis-1117x1536.jpg 1117w, https://satukiljunen.com/wp-content/uploads/2021/11/Satu-Kiljusen-kutsukortti-valmis-1490x2048.jpg 1490w, https://satukiljunen.com/wp-content/uploads/2021/11/Satu-Kiljusen-kutsukortti-valmis-scaled.jpg 1862w" sizes="auto, (max-width: 559px) 100vw, 559px" /></figure></div>



<p>Galleria G</p>



<p>SATU KILJUNEN</p>



<p>4-29.1.2017</p>



<p>maalauksia ja maalattuja reliefejä</p>



<p><strong>Satu Kiljunen:</strong></p>



<p>Olen keskittynyt tutkimaan sitä, mikä on maalauksen ja muodon suhde, miten koemme ja ymmärrämme peruspinnan ja teoksen tilan.</p>



<p>Olen saanut malleikseni minulle tuttuja ihmisiä, joiden kasvot ovat synnyttäneet minussa jonkinlaisen visuaalisen haasteen /idean. Näyttelyssä on teoksia joiden lähtökohtana on äitini, Gun Lindblom, Ronnie-poikani, Jonas Böckerman ja Carl-Johan Särkinen. Olen aluksi työstänyt savireliefin heidän kasvoistaan. Tästä originaalista olen sitten ottanut kipsivaloksia, joita maalaan öljyväreillä, luoden uusia variaatiota. Kustakin mallista olen myös maalannut suuren kasvomaalauksen. Olen myös tietoinen erilaisten maalausteknisten ja rakenteellisten ratkaisujen vaikutuksista teoksieni ilmaisulliseen sisältöön. Kullekin teokselle on muovautunut oma “toimintastrategia”, jonkinlainen kerroksellinen maalausjärjestys.</p>



<p>Tunnen olevani kotonani, olen nyt tietoisempi taiteellisesta ”ongelmastani” vaikka sama peruskysymys on vaivannut minua läpi tuotantoni:</p>



<p><em>Aloitin taiteilijaurani tekemällä tilakuvia, interiöörimaalauksia. Siirryin jo heti 80-luvun alussa maalaaman konkreettisia interiöörejä suoraan tilaan, sekä rakentamaan maalaustaiteen lainalaisuuksia käyttäen liikkuvia tilallisia esityksiä (Jack Helen Brut). Seuraava luonteva vaihe oli ihmisen vartaloa ja ihmisen kuvaa manipuloivat videoteokset ja installaatiot ja esitykset. Ihmistä voimakkaamman ympäristön havainnoinnin ja litistämisen ongelmien parissa siirryin vuoristojen kautta ulkosaaristoon ja sen kalliomuotojen kautta työstämään savesta muotoja, joita aloin myös manipuloida maalaamalla.</em></p>



<p><strong>Satu Kiljunen on valmistunut 70-luvun lopulla Suomen Taidekatemian koulusta. Hän toimi 80-luvun kokeellisen esitystaiteen parissa ja muutti ulkosaaristoon Kökariin 90-luvulla. Hän käynnisti tohtoriopinnon Kuvataideakatemiaan 1997 ja toimi ensimmäisenä kuvataiteellisen tutkimuksen professorina </strong><strong>Suomessa</strong><strong>.</strong></p>



<p><strong>Satu Kiljusen viimeaikainen näyttelytoiminta:</strong></p>



<p>Talvesta 2010 keskittynyt tuotannossaan uuteen vaiheeseen, jota 2009 valmistunut julkinen teos ”Swing” pointillinenmaalaus kahdelle taivutetulle alumiinilevylle ennakoi. Teos on Alandica kongressi ja kulttuuritalon edessä Maarianhaminassa.</p>



<p>Uuden jakson teoksia on ollut esillä kahdessa yksitysnäyttelyssä, 2010, 2013, Maarianhaminan <strong>Kakelhallenissa </strong>sekä Helsingissä 2011 keväällä, jolloin piti <strong>näyttelyn</strong> Dagmarinkadulla privaatissa ympäristössä.</p>



<p>Kesällä 2012 osallistui <strong>Pyhäniemen 2012</strong> näyttelyyn <strong>8:n teoksen kokonaisuudella.</strong></p>



<p>Osallistui 2013 henkilökuvaukseen keskittyvään kansainväliseen kilpailunäyttelyyn, <strong>Portrait Now Tanskassa Fredriksborgissa</strong>, valmistamallaan <strong>maalatulla kasvoreliefillä</strong>. Näyttely oli esillä <strong>myös Ruotsissa Ljunbymuseumissa.</strong></p>



<p>Oli mukana <strong>Lahden taidemuseon ”Muotokuva”-näyttelyssä</strong> vuodenvaihteessa 2013-2014.</p>



<p>Osallistui Eckerön posti- ja tullitalossa järjestetyyn 9 taiteilijan näyttelyyn Puss &amp; Dra åt helvete!” 2014. (Khåre, Turakka, Scott, Lax, Kiljunen, Duncker, Bamberg, Jokiranta, Wilen)</p>

<p>Galleria G SATU KILJUNEN 4-29.1.2017 maalauksia ja maalattuja reliefejä Satu Kiljunen: Olen keskittynyt tutkimaan sitä, mikä on maalauksen ja muodon suhde, miten koemme ja ymmärrämme peruspinnan ja teoksen tilan. Olen saanut malleikseni minulle tuttuja ihmisiä, joiden kasvot ovat synnyttäneet minussa jonkinlaisen visuaalisen haasteen /idean. Näyttelyssä on teoksia joiden lähtökohtana on äitini, Gun Lindblom, Ronnie-poikani, Jonas&#8230;</p>
